{"id":102,"date":"2023-02-13T22:39:21","date_gmt":"2023-02-13T21:39:21","guid":{"rendered":"https:\/\/orazionisantabrigida.com\/osb\/?page_id=102"},"modified":"2023-03-01T21:32:22","modified_gmt":"2023-03-01T20:32:22","slug":"testimonianze","status":"publish","type":"page","link":"https:\/\/orazionisantabrigida.com\/osb\/testimonianze\/","title":{"rendered":"Testimonianze"},"content":{"rendered":"\n<p>Caro Visitatore,<br>in questa pagina abbiamo raccolto alcune testimonianze di persone che hanno recitato le preghiere di S. Brigida contenute in questo sito.<br>Ti invitiamo a leggerle, nella speranza che la luce che hanno trovato gli autori di queste testimonianze possa raggiungere anche te.<\/p>\n\n\n\n<p>Inviaci la tua testimonianza &#8211;&gt;   <a href=\"https:\/\/orazionisantabrigida.com\/osb\/contattaci\/\">CONTATTACI<\/a><\/p>\n\n\n\n<blockquote class=\"wp-block-quote is-layout-flow wp-block-quote-is-layout-flow\">\n<p>Ho recitato le orazioni di S. Brigida per un anno, come prescritto. <br>I frutti spirituali sono stati molti. Tra questi posso citare un accresciuto amore verso Ges\u00f9, una maggiore intimit\u00e0 con il Suo Cuore sofferente. Allo stesso tempo, \u00e8 aumentata la volont\u00e0 di evitare il peccato e la fedelt\u00e0 ai Suoi comandamenti. Consiglio a tutti di affrontare questo percorso spirituale, perch\u00e9 i benefici saranno molti. <br>Mirco, settembre 2022<\/p>\n<\/blockquote>\n\n\n\n<div style=\"height:37px\" aria-hidden=\"true\" class=\"wp-block-spacer\"><\/div>\n\n\n\n<blockquote class=\"wp-block-quote is-layout-flow wp-block-quote-is-layout-flow\">\n<p>Le orazioni di Santa Brigida sono state, per me, l\u2019occasione per impegnarmi seriamente in un cammino di preghiera. Ritagliare, ogni giorno, del tempo per la preghiera \u00e8 stato lo sprone per perseverare. Un anno intero di preghiera che ho ripetuto diverse volte, che hanno giovato all&#8217;anima mia, la quale \u00e8 cresciuta nell&#8217;impegno quotidiano di trovare tempo per Dio. Ovviamente non tutto sempre \u00e8 andato liscio, molte volte ho dovuto superare difficolt\u00e0 ed ostacoli nella preghiera giornaliera, ma nonostante tutto sono sempre riuscita, con l\u2019aiuto di Dio, ad onorare il mio impegno con Lui.<br>E questa \u00e8 Grazia, Grazia che viene da Dio, che ci dona la forza di vincere la tentazione di mollare il cammino intrapreso, vuoi per stanchezza, vuoi perch\u00e9 la vita ci mette davanti delle sfide da superare.<br>Non ho mai pensato alle promesse legate alle orazioni, anche se devo dire, che se reali, (la Santa Chiesa le promesse non le ha approvate, mentre le orazioni s\u00ec) sono segno della misericordia di Dio. Alcune volte mi \u00e8 capitato di essere raccolta in preghiera con il libretto delle orazioni tra le mani, e qualcuno in chiesa mi si \u00e8 avvicinato, chiedendomi se non avessi paura di pregare queste orazioni. Tutte le volte ho risposto che Dio non vuole che noi abbiamo paura di Lui, ma che lo amiamo e che se anche le promesse fatte a Santa Brigida, fossero vere, io ci vedo la grande misericordia di Dio che vuole la nostra salvezza e ci dona cos\u00ec il tempo di mettere a posto la nostra anima liberandoci del peccato con una buona confessione, avendo pieno pentimento di ci\u00f2 che macchia l\u2019anima, e di poter ricevere il balsamo dell\u2019Eucaristia che sana ogni malattia spirituale. Il Signore \u00e8 grande nell&#8217;Amore e pieno di misericordia, viene incontro anche al pi\u00f9 grande peccatore che, se pentito e addolorato di ci\u00f2 che ha compiuto, viene perdonato da Dio Padre.<br>Quindi non abbiate paura a recitare queste orazioni, ricche di grandi doni spirituali.<br>Rita, Sicilia<br>Marzo 2023<\/p>\n<\/blockquote>\n\n\n\n<pre class=\"wp-block-verse\"><\/pre>\n","protected":false},"excerpt":{"rendered":"<p>Caro Visitatore,in questa pagina abbiamo raccolto alcune testimonianze di persone che hanno recitato le preghiere di S. Brigida contenute in questo sito.Ti invitiamo a leggerle, nella speranza che la luce che hanno trovato gli autori di queste testimonianze possa raggiungere anche te. Inviaci la tua testimonianza &#8211;&gt; CONTATTACI Ho recitato le orazioni di S. Brigida &hellip; <\/p>\n<p class=\"link-more\"><a href=\"https:\/\/orazionisantabrigida.com\/osb\/testimonianze\/\" class=\"more-link\">Leggi tutto<span class=\"screen-reader-text\"> &#8220;Testimonianze&#8221;<\/span><\/a><\/p>\n","protected":false},"author":1,"featured_media":0,"parent":0,"menu_order":0,"comment_status":"closed","ping_status":"closed","template":"","meta":{"footnotes":""},"class_list":["post-102","page","type-page","status-publish","hentry"],"yoast_head":"<!-- This site is optimized with the Yoast SEO plugin v26.0 - https:\/\/yoast.com\/wordpress\/plugins\/seo\/ -->\n<title>Testimonianze - Orazioni di Santa Brigida<\/title>\n<meta name=\"robots\" content=\"index, follow, max-snippet:-1, max-image-preview:large, max-video-preview:-1\" \/>\n<link rel=\"canonical\" href=\"https:\/\/orazionisantabrigida.com\/osb\/testimonianze\/\" \/>\n<meta property=\"og:locale\" content=\"it_IT\" \/>\n<meta property=\"og:type\" content=\"article\" \/>\n<meta property=\"og:title\" content=\"Testimonianze - Orazioni di Santa Brigida\" \/>\n<meta property=\"og:description\" content=\"Caro Visitatore,in questa pagina abbiamo raccolto alcune testimonianze di persone che hanno recitato le preghiere di S. Brigida contenute in questo sito.Ti invitiamo a leggerle, nella speranza che la luce che hanno trovato gli autori di queste testimonianze possa raggiungere anche te. Inviaci la tua testimonianza &#8211;&gt; CONTATTACI Ho recitato le orazioni di S. Brigida &hellip; Leggi tutto &quot;Testimonianze&quot;\" \/>\n<meta property=\"og:url\" content=\"https:\/\/orazionisantabrigida.com\/osb\/testimonianze\/\" \/>\n<meta property=\"og:site_name\" content=\"Orazioni di Santa Brigida\" \/>\n<meta property=\"article:modified_time\" content=\"2023-03-01T20:32:22+00:00\" \/>\n<meta name=\"twitter:card\" content=\"summary_large_image\" \/>\n<meta name=\"twitter:label1\" content=\"Tempo di lettura stimato\" \/>\n\t<meta name=\"twitter:data1\" content=\"2 minuti\" \/>\n<script type=\"application\/ld+json\" class=\"yoast-schema-graph\">{\"@context\":\"https:\/\/schema.org\",\"@graph\":[{\"@type\":\"WebPage\",\"@id\":\"https:\/\/orazionisantabrigida.com\/osb\/testimonianze\/\",\"url\":\"https:\/\/orazionisantabrigida.com\/osb\/testimonianze\/\",\"name\":\"Testimonianze - Orazioni di Santa Brigida\",\"isPartOf\":{\"@id\":\"https:\/\/orazionisantabrigida.com\/osb\/#website\"},\"datePublished\":\"2023-02-13T21:39:21+00:00\",\"dateModified\":\"2023-03-01T20:32:22+00:00\",\"breadcrumb\":{\"@id\":\"https:\/\/orazionisantabrigida.com\/osb\/testimonianze\/#breadcrumb\"},\"inLanguage\":\"it-IT\",\"potentialAction\":[{\"@type\":\"ReadAction\",\"target\":[\"https:\/\/orazionisantabrigida.com\/osb\/testimonianze\/\"]}]},{\"@type\":\"BreadcrumbList\",\"@id\":\"https:\/\/orazionisantabrigida.com\/osb\/testimonianze\/#breadcrumb\",\"itemListElement\":[{\"@type\":\"ListItem\",\"position\":1,\"name\":\"Home\",\"item\":\"https:\/\/orazionisantabrigida.com\/osb\/\"},{\"@type\":\"ListItem\",\"position\":2,\"name\":\"Testimonianze\"}]},{\"@type\":\"WebSite\",\"@id\":\"https:\/\/orazionisantabrigida.com\/osb\/#website\",\"url\":\"https:\/\/orazionisantabrigida.com\/osb\/\",\"name\":\"Orazioni di Santa Brigida di Svezia\",\"description\":\"Sito dedicato alle Orazioni di S. Brigida di Svezia\",\"publisher\":{\"@id\":\"https:\/\/orazionisantabrigida.com\/osb\/#organization\"},\"potentialAction\":[{\"@type\":\"SearchAction\",\"target\":{\"@type\":\"EntryPoint\",\"urlTemplate\":\"https:\/\/orazionisantabrigida.com\/osb\/?s={search_term_string}\"},\"query-input\":{\"@type\":\"PropertyValueSpecification\",\"valueRequired\":true,\"valueName\":\"search_term_string\"}}],\"inLanguage\":\"it-IT\"},{\"@type\":\"Organization\",\"@id\":\"https:\/\/orazionisantabrigida.com\/osb\/#organization\",\"name\":\"Orazioni di Santa Brigida di Svezia\",\"url\":\"https:\/\/orazionisantabrigida.com\/osb\/\",\"logo\":{\"@type\":\"ImageObject\",\"inLanguage\":\"it-IT\",\"@id\":\"https:\/\/orazionisantabrigida.com\/osb\/#\/schema\/logo\/image\/\",\"url\":\"https:\/\/orazionisantabrigida.com\/osb\/wp-content\/uploads\/2023\/02\/image-e1676290196941.jpeg\",\"contentUrl\":\"https:\/\/orazionisantabrigida.com\/osb\/wp-content\/uploads\/2023\/02\/image-e1676290196941.jpeg\",\"width\":1920,\"height\":1164,\"caption\":\"Orazioni di Santa Brigida di Svezia\"},\"image\":{\"@id\":\"https:\/\/orazionisantabrigida.com\/osb\/#\/schema\/logo\/image\/\"}}]}<\/script>\n<!-- \/ Yoast SEO plugin. -->","yoast_head_json":{"title":"Testimonianze - Orazioni di Santa Brigida","robots":{"index":"index","follow":"follow","max-snippet":"max-snippet:-1","max-image-preview":"max-image-preview:large","max-video-preview":"max-video-preview:-1"},"canonical":"https:\/\/orazionisantabrigida.com\/osb\/testimonianze\/","og_locale":"it_IT","og_type":"article","og_title":"Testimonianze - Orazioni di Santa Brigida","og_description":"Caro Visitatore,in questa pagina abbiamo raccolto alcune testimonianze di persone che hanno recitato le preghiere di S. Brigida contenute in questo sito.Ti invitiamo a leggerle, nella speranza che la luce che hanno trovato gli autori di queste testimonianze possa raggiungere anche te. Inviaci la tua testimonianza &#8211;&gt; CONTATTACI Ho recitato le orazioni di S. Brigida &hellip; Leggi tutto \"Testimonianze\"","og_url":"https:\/\/orazionisantabrigida.com\/osb\/testimonianze\/","og_site_name":"Orazioni di Santa Brigida","article_modified_time":"2023-03-01T20:32:22+00:00","twitter_card":"summary_large_image","twitter_misc":{"Tempo di lettura stimato":"2 minuti"},"schema":{"@context":"https:\/\/schema.org","@graph":[{"@type":"WebPage","@id":"https:\/\/orazionisantabrigida.com\/osb\/testimonianze\/","url":"https:\/\/orazionisantabrigida.com\/osb\/testimonianze\/","name":"Testimonianze - Orazioni di Santa Brigida","isPartOf":{"@id":"https:\/\/orazionisantabrigida.com\/osb\/#website"},"datePublished":"2023-02-13T21:39:21+00:00","dateModified":"2023-03-01T20:32:22+00:00","breadcrumb":{"@id":"https:\/\/orazionisantabrigida.com\/osb\/testimonianze\/#breadcrumb"},"inLanguage":"it-IT","potentialAction":[{"@type":"ReadAction","target":["https:\/\/orazionisantabrigida.com\/osb\/testimonianze\/"]}]},{"@type":"BreadcrumbList","@id":"https:\/\/orazionisantabrigida.com\/osb\/testimonianze\/#breadcrumb","itemListElement":[{"@type":"ListItem","position":1,"name":"Home","item":"https:\/\/orazionisantabrigida.com\/osb\/"},{"@type":"ListItem","position":2,"name":"Testimonianze"}]},{"@type":"WebSite","@id":"https:\/\/orazionisantabrigida.com\/osb\/#website","url":"https:\/\/orazionisantabrigida.com\/osb\/","name":"Orazioni di Santa Brigida di Svezia","description":"Sito dedicato alle Orazioni di S. Brigida di Svezia","publisher":{"@id":"https:\/\/orazionisantabrigida.com\/osb\/#organization"},"potentialAction":[{"@type":"SearchAction","target":{"@type":"EntryPoint","urlTemplate":"https:\/\/orazionisantabrigida.com\/osb\/?s={search_term_string}"},"query-input":{"@type":"PropertyValueSpecification","valueRequired":true,"valueName":"search_term_string"}}],"inLanguage":"it-IT"},{"@type":"Organization","@id":"https:\/\/orazionisantabrigida.com\/osb\/#organization","name":"Orazioni di Santa Brigida di Svezia","url":"https:\/\/orazionisantabrigida.com\/osb\/","logo":{"@type":"ImageObject","inLanguage":"it-IT","@id":"https:\/\/orazionisantabrigida.com\/osb\/#\/schema\/logo\/image\/","url":"https:\/\/orazionisantabrigida.com\/osb\/wp-content\/uploads\/2023\/02\/image-e1676290196941.jpeg","contentUrl":"https:\/\/orazionisantabrigida.com\/osb\/wp-content\/uploads\/2023\/02\/image-e1676290196941.jpeg","width":1920,"height":1164,"caption":"Orazioni di Santa Brigida di Svezia"},"image":{"@id":"https:\/\/orazionisantabrigida.com\/osb\/#\/schema\/logo\/image\/"}}]}},"_links":{"self":[{"href":"https:\/\/orazionisantabrigida.com\/osb\/wp-json\/wp\/v2\/pages\/102","targetHints":{"allow":["GET"]}}],"collection":[{"href":"https:\/\/orazionisantabrigida.com\/osb\/wp-json\/wp\/v2\/pages"}],"about":[{"href":"https:\/\/orazionisantabrigida.com\/osb\/wp-json\/wp\/v2\/types\/page"}],"author":[{"embeddable":true,"href":"https:\/\/orazionisantabrigida.com\/osb\/wp-json\/wp\/v2\/users\/1"}],"replies":[{"embeddable":true,"href":"https:\/\/orazionisantabrigida.com\/osb\/wp-json\/wp\/v2\/comments?post=102"}],"version-history":[{"count":11,"href":"https:\/\/orazionisantabrigida.com\/osb\/wp-json\/wp\/v2\/pages\/102\/revisions"}],"predecessor-version":[{"id":202,"href":"https:\/\/orazionisantabrigida.com\/osb\/wp-json\/wp\/v2\/pages\/102\/revisions\/202"}],"wp:attachment":[{"href":"https:\/\/orazionisantabrigida.com\/osb\/wp-json\/wp\/v2\/media?parent=102"}],"curies":[{"name":"wp","href":"https:\/\/api.w.org\/{rel}","templated":true}]}}